{"id":357,"date":"2020-08-11T18:06:40","date_gmt":"2020-08-11T21:06:40","guid":{"rendered":"https:\/\/portfolio.sitedeartista.com.br\/sobreasombra\/?page_id=357"},"modified":"2020-08-24T11:10:11","modified_gmt":"2020-08-24T14:10:11","slug":"sobre-o-projeto","status":"publish","type":"page","link":"https:\/\/portfolio.sitedeartista.com.br\/sobreasombra\/sobre-o-projeto\/","title":{"rendered":"Sobre o Projeto"},"content":{"rendered":"\n<div class=\"wp-block-cover has-background-dim\" style=\"background-color:#000000\"><div class=\"wp-block-cover__inner-container is-layout-flow wp-block-cover-is-layout-flow\">\n<div class=\"wp-block-columns is-layout-flex wp-container-core-columns-is-layout-9d6595d7 wp-block-columns-is-layout-flex\">\n<div class=\"wp-block-column is-layout-flow wp-block-column-is-layout-flow\" style=\"flex-basis:49%\">\n<hr class=\"wp-block-separator\" \/>\n\n\n\n<div style=\"height:40px\" aria-hidden=\"true\" class=\"wp-block-spacer\"><\/div>\n\n\n\n<h3 class=\"wp-block-heading\">O Projeto<\/h3>\n\n\n\n<hr class=\"wp-block-separator has-text-color has-background\" style=\"background-color:#efac39;color:#efac39\" \/>\n\n\n\n<h1 class=\"wp-block-heading\"><strong>Contos de terror na cidade de S\u00e3o Paulo<\/strong><\/h1>\n\n\n\n<hr class=\"wp-block-separator has-text-color has-background\" style=\"background-color:#efac39;color:#efac39\" \/>\n\n\n\n<div style=\"height:40px\" aria-hidden=\"true\" class=\"wp-block-spacer\"><\/div>\n\n\n\n<p>A cidade \u00e9 o palco onde circulamos, e o que cada parte da cidade significa para n\u00f3s diz muito sobre nossos segredos. Sobre a sombra em S\u00e3o Paulo \u00e9 um convite, que pede aos seus autores que abram essa caixa preta sob a \u00f3tica do horror.&nbsp;<\/p>\n\n\n\n<p>Inspirados pelos folhetins de jornais do S\u00e9culo 19, numa parceria com a editora Martin Claret, convidamos sete autores para que buscassem, por um olhar ins\u00f3lito e macabro, hist\u00f3rias de horror que se passem em S\u00e3o Paulo.<\/p>\n\n\n\n<p>O desafio, comum em todas as hist\u00f3rias, era explorar a cidade com a mem\u00f3ria e encontrar perturba\u00e7\u00f5es nas sombras dos seus edif\u00edcios, ruas e esquinas. <\/p>\n\n\n\n<p>S\u00e3o hist\u00f3rias que procuram capturar o esp\u00edrito do tempo, que almejam encontrar elementos que nos representem e digam algo novo sobre a condi\u00e7\u00e3o humana nessa \u00e9poca de incertezas.<\/p>\n<\/div>\n\n\n\n<div class=\"wp-block-column is-layout-flow wp-block-column-is-layout-flow\" style=\"flex-basis:49%\">\n<p><br><\/p>\n\n\n\n<div style=\"height:40px\" aria-hidden=\"true\" class=\"wp-block-spacer\"><\/div>\n\n\n\n<p>Sobre a sombra em S\u00e3o Paulo \u00e9 um projeto que busca disponibilizar um pouco do que melhor vem sendo escrito na literatura de horror em S\u00e3o Paulo. E encontrar as que ainda v\u00e3o ser.<\/p>\n\n\n\n<p><strong>Participe <\/strong><\/p>\n\n\n\n<p>Al\u00e9m dos autores convidados, que publicar\u00e3o seus cap\u00edtulos cada um em um dia da semana, queremos publicar nos autores. Basta mandar sua hist\u00f3ria, em seis cap\u00edtulos, para aprecia\u00e7\u00e3o. Sendo aprovada, ela entrar\u00e1 nas pr\u00f3ximas seis semanas no dia da semana que houver a primeira vaga. N\u00e3o h\u00e1 limite de palavras, as hist\u00f3rias apenas devem respeitar o formato de dura\u00e7\u00e3o de seis cap\u00edtulos e o tema: ser uma hist\u00f3ria que explore o ins\u00f3lito na cidade de S\u00e3o Paulo por um vi\u00e9s soturno. Todos os direitos reservados ao autor. <\/p>\n\n\n\n<p><\/p>\n\n\n\n<p><span class=\"has-inline-color has-luminous-vivid-amber-color\"><strong>Mande seu conto<\/strong>: <\/span><\/p>\n\n\n\n<p><strong>sobreasombrasp@gmail.com<\/strong><\/p>\n\n\n\n<p><\/p>\n\n\n\n<p><\/p>\n\n\n\n<p><\/p>\n\n\n\n<p class=\"has-text-align-right\">Boa viagem!<\/p>\n<\/div>\n<\/div>\n\n\n\n<p class=\"has-text-align-center has-large-font-size\"><\/p>\n\n\n\n<div class=\"wp-block-image\"><figure class=\"aligncenter size-large is-resized\"><img loading=\"lazy\" decoding=\"async\" src=\"https:\/\/portfolio.sitedeartista.com.br\/sobreasombra\/wp-content\/uploads\/sites\/10\/2020\/08\/Foto_concept5-1024x738.png\" alt=\"\" class=\"wp-image-374\" width=\"764\" height=\"551\" srcset=\"https:\/\/portfolio.sitedeartista.com.br\/sobreasombra\/wp-content\/uploads\/sites\/10\/2020\/08\/Foto_concept5-1024x738.png 1024w, https:\/\/portfolio.sitedeartista.com.br\/sobreasombra\/wp-content\/uploads\/sites\/10\/2020\/08\/Foto_concept5-300x216.png 300w, https:\/\/portfolio.sitedeartista.com.br\/sobreasombra\/wp-content\/uploads\/sites\/10\/2020\/08\/Foto_concept5-768x554.png 768w, https:\/\/portfolio.sitedeartista.com.br\/sobreasombra\/wp-content\/uploads\/sites\/10\/2020\/08\/Foto_concept5.png 1280w\" sizes=\"auto, (max-width: 764px) 100vw, 764px\" \/><\/figure><\/div>\n\n\n\n<div style=\"height:37px\" aria-hidden=\"true\" class=\"wp-block-spacer\"><\/div>\n\n\n\n<div class=\"wp-block-columns is-layout-flex wp-container-core-columns-is-layout-9d6595d7 wp-block-columns-is-layout-flex\">\n<div class=\"wp-block-column is-layout-flow wp-block-column-is-layout-flow\"><\/div>\n\n\n\n<div class=\"wp-block-column is-layout-flow wp-block-column-is-layout-flow\"><\/div>\n<\/div>\n\n\n\n<p><\/p>\n<\/div><\/div>\n\n\n\n<div style=\"height:65px\" aria-hidden=\"true\" class=\"wp-block-spacer\"><\/div>\n\n\n\n<div class=\"wp-block-columns are-vertically-aligned-center is-layout-flex wp-container-core-columns-is-layout-9d6595d7 wp-block-columns-is-layout-flex\">\n<div class=\"wp-block-column is-vertically-aligned-center is-layout-flow wp-block-column-is-layout-flow\"><\/div>\n\n\n\n<div class=\"wp-block-column is-vertically-aligned-center is-layout-flow wp-block-column-is-layout-flow\">\n<figure class=\"wp-block-gallery aligncenter columns-2 is-cropped wp-block-gallery-1 is-layout-flex wp-block-gallery-is-layout-flex\"><ul class=\"blocks-gallery-grid\"><li class=\"blocks-gallery-item\"><figure><img loading=\"lazy\" decoding=\"async\" width=\"225\" height=\"225\" src=\"https:\/\/portfolio.sitedeartista.com.br\/sobreasombra\/wp-content\/uploads\/sites\/10\/2020\/08\/WhatsApp-Image-2020-08-05-at-20.54.12-1.jpeg\" alt=\"\" data-id=\"94\" data-full-url=\"https:\/\/portfolio.sitedeartista.com.br\/sobreasombra\/wp-content\/uploads\/sites\/10\/2020\/08\/WhatsApp-Image-2020-08-05-at-20.54.12-1.jpeg\" data-link=\"https:\/\/portfolio.sitedeartista.com.br\/sobreasombra\/pagina-exemplo\/attachment\/whatsapp-image-2020-08-05-at-20-54-12-1\/#main\" class=\"wp-image-94\" srcset=\"https:\/\/portfolio.sitedeartista.com.br\/sobreasombra\/wp-content\/uploads\/sites\/10\/2020\/08\/WhatsApp-Image-2020-08-05-at-20.54.12-1.jpeg 225w, https:\/\/portfolio.sitedeartista.com.br\/sobreasombra\/wp-content\/uploads\/sites\/10\/2020\/08\/WhatsApp-Image-2020-08-05-at-20.54.12-1-150x150.jpeg 150w\" sizes=\"auto, (max-width: 225px) 100vw, 225px\" \/><\/figure><\/li><li class=\"blocks-gallery-item\"><figure><img loading=\"lazy\" decoding=\"async\" width=\"225\" height=\"225\" src=\"https:\/\/portfolio.sitedeartista.com.br\/sobreasombra\/wp-content\/uploads\/sites\/10\/2020\/08\/desoebdientes.png\" alt=\"\" data-id=\"491\" data-full-url=\"https:\/\/portfolio.sitedeartista.com.br\/sobreasombra\/wp-content\/uploads\/sites\/10\/2020\/08\/desoebdientes.png\" data-link=\"https:\/\/portfolio.sitedeartista.com.br\/sobreasombra\/desoebdientes\/\" class=\"wp-image-491\" srcset=\"https:\/\/portfolio.sitedeartista.com.br\/sobreasombra\/wp-content\/uploads\/sites\/10\/2020\/08\/desoebdientes.png 225w, https:\/\/portfolio.sitedeartista.com.br\/sobreasombra\/wp-content\/uploads\/sites\/10\/2020\/08\/desoebdientes-150x150.png 150w\" sizes=\"auto, (max-width: 225px) 100vw, 225px\" \/><\/figure><\/li><\/ul><\/figure>\n\n\n\n<p><\/p>\n<\/div>\n\n\n\n<div class=\"wp-block-column is-vertically-aligned-center is-layout-flow wp-block-column-is-layout-flow\"><\/div>\n<\/div>\n\n\n\n<div class=\"wp-block-group logo-5 ticss-7e4ba2d0\"><div class=\"wp-block-group__inner-container is-layout-flow wp-block-group-is-layout-flow\">\n<div class=\"wp-block-columns ticss-5f0b4e7d is-layout-flex wp-container-core-columns-is-layout-9d6595d7 wp-block-columns-is-layout-flex\">\n<div class=\"wp-block-column ticss-83fedf63 is-layout-flow wp-block-column-is-layout-flow\" style=\"flex-basis:32.42%\">\n<p style=\"font-size:26px\" class=\"has-text-align-right\"><strong>Apoiadores <\/strong><\/p>\n<\/div>\n\n\n\n<div class=\"wp-block-column is-layout-flow wp-block-column-is-layout-flow\" style=\"flex-basis:45%\">\n<p>Agradecemos nossos parceiros e patrocinadores, que acreditaram nos nossos sonhos e nos ajudaram a torn\u00e1-los realidade. Voc\u00eas s\u00e3o demais! Gra\u00e7as a voc\u00eas podemos realizar esse encontro da literatura de terror.<\/p>\n\n\n\n<p>A todos voc\u00eas, nosso muito obrigado!<\/p>\n<\/div>\n<\/div>\n<\/div><\/div>\n","protected":false},"excerpt":{"rendered":"<p>Apoiadores Agradecemos nossos parceiros e patrocinadores, que acreditaram nos nossos sonhos e nos ajudaram a torn\u00e1-los realidade. Voc\u00eas s\u00e3o demais! Gra\u00e7as a voc\u00eas podemos realizar esse encontro da literatura de terror. A todos voc\u00eas, nosso muito obrigado!<\/p>\n","protected":false},"author":1,"featured_media":0,"parent":0,"menu_order":0,"comment_status":"closed","ping_status":"closed","template":"","meta":{"footnotes":""},"class_list":["post-357","page","type-page","status-publish"],"_links":{"self":[{"href":"https:\/\/portfolio.sitedeartista.com.br\/sobreasombra\/wp-json\/wp\/v2\/pages\/357","targetHints":{"allow":["GET"]}}],"collection":[{"href":"https:\/\/portfolio.sitedeartista.com.br\/sobreasombra\/wp-json\/wp\/v2\/pages"}],"about":[{"href":"https:\/\/portfolio.sitedeartista.com.br\/sobreasombra\/wp-json\/wp\/v2\/types\/page"}],"author":[{"embeddable":true,"href":"https:\/\/portfolio.sitedeartista.com.br\/sobreasombra\/wp-json\/wp\/v2\/users\/1"}],"replies":[{"embeddable":true,"href":"https:\/\/portfolio.sitedeartista.com.br\/sobreasombra\/wp-json\/wp\/v2\/comments?post=357"}],"version-history":[{"count":30,"href":"https:\/\/portfolio.sitedeartista.com.br\/sobreasombra\/wp-json\/wp\/v2\/pages\/357\/revisions"}],"predecessor-version":[{"id":597,"href":"https:\/\/portfolio.sitedeartista.com.br\/sobreasombra\/wp-json\/wp\/v2\/pages\/357\/revisions\/597"}],"wp:attachment":[{"href":"https:\/\/portfolio.sitedeartista.com.br\/sobreasombra\/wp-json\/wp\/v2\/media?parent=357"}],"curies":[{"name":"wp","href":"https:\/\/api.w.org\/{rel}","templated":true}]}}